{"id":151,"date":"2023-11-17T12:19:35","date_gmt":"2023-11-17T11:19:35","guid":{"rendered":"http:\/\/www.fms-stassfurt.de\/newpage\/?page_id=151"},"modified":"2024-09-17T13:02:52","modified_gmt":"2024-09-17T11:02:52","slug":"winterdienst","status":"publish","type":"page","link":"https:\/\/fms-stassfurt.de\/?page_id=151","title":{"rendered":"Winterdienst"},"content":{"rendered":"<p><img loading=\"lazy\" decoding=\"async\" class=\"alignnone wp-image-52 size-full\" style=\"border-radius: 15px; border: 2px solid #9F3B24;\" src=\"https:\/\/fms-stassfurt.de\/wp-content\/uploads\/2023\/11\/header05.jpg\" alt=\"\" width=\"1024\" height=\"332\" srcset=\"https:\/\/fms-stassfurt.de\/wp-content\/uploads\/2023\/11\/header05.jpg 1024w, https:\/\/fms-stassfurt.de\/wp-content\/uploads\/2023\/11\/header05-300x97.jpg 300w, https:\/\/fms-stassfurt.de\/wp-content\/uploads\/2023\/11\/header05-768x249.jpg 768w\" sizes=\"auto, (max-width: 1024px) 100vw, 1024px\" \/><br \/>\n<strong>Winterdienst:<\/strong><\/p>\n<div style=\"position: absolute; height: auto; width: 420px; left: 46%; top: 50%;\"><img loading=\"lazy\" decoding=\"async\" src=\"https:\/\/fms-stassfurt.de\/wp-content\/uploads\/2023\/11\/winterdienst01.png\" style=\"border-radius: 15px; border: 2px solid #9F3B24;\" alt=\"\" width=\"204\" height=\"168\" class=\"alignnone size-full wp-image-152\" \/> <img loading=\"lazy\" decoding=\"async\" src=\"https:\/\/fms-stassfurt.de\/wp-content\/uploads\/2023\/11\/winterdienst02.png\" style=\"border-radius: 15px; border: 2px solid #9F3B24;\" alt=\"\" width=\"204\" height=\"139\" class=\"alignnone size-medium wp-image-153\" \/><\/div>\n<p>Unser Angebot:<br \/>\nSchneefr\u00e4sen<br \/>\nSchneepfl\u00fcge<br \/>\nKehrmaschinen<br \/>\nAnbaustreuer<br \/>\nAufsattelstreuer<br \/>\nStreuautomaten<br \/>\nSchneeschleuder<\/p>\n<p>Im Laufe der Jahre entwickelte sich Epoke Maschinenbau in seinem Bearbeitungsgebiet zu einem leistungsf\u00e4higen und akzeptierten Marktteilnehmer. Durch Umorganisationen im Epoke Konzern wurde Epoke Maschinenbau neben dem Gebiet der neuen Bundesl\u00e4nder 1992 das komplette Staatsgebiet von Deutschland zum Bearbeitungsfeld \u00fcbergeben.<br \/>\n1996 rundete Epoke Maschinenbau sein Produktprogramm als Winterdienstger\u00e4tehersteller um den Bereich Salzl\u00f6se- und Salzlagertechnik ab. Zum heutigen Zeitpunkt sind 25 Arbeiter und Angestellte im Hause Epoke Maschinenbau t\u00e4tig. \u00fcber ein festes Service- und H\u00e4ndlernetz wird fl\u00e4chendeckend die Bundesrepublik Deutschland betreut.<\/p>\n","protected":false},"excerpt":{"rendered":"<p>Winterdienst: Unser Angebot: Schneefr\u00e4sen Schneepfl\u00fcge Kehrmaschinen Anbaustreuer Aufsattelstreuer Streuautomaten Schneeschleuder Im Laufe der Jahre entwickelte sich Epoke Maschinenbau in seinem Bearbeitungsgebiet zu einem leistungsf\u00e4higen und akzeptierten Marktteilnehmer. Durch Umorganisationen im Epoke Konzern wurde Epoke Maschinenbau neben dem Gebiet der neuen Bundesl\u00e4nder 1992 das komplette Staatsgebiet von Deutschland zum Bearbeitungsfeld \u00fcbergeben. 1996 rundete Epoke Maschinenbau sein&hellip;&nbsp;<a href=\"https:\/\/fms-stassfurt.de\/?page_id=151\" rel=\"bookmark\">Weiterlesen &raquo;<span class=\"screen-reader-text\">Winterdienst<\/span><\/a><\/p>\n","protected":false},"author":1,"featured_media":0,"parent":0,"menu_order":0,"comment_status":"closed","ping_status":"closed","template":"","meta":{"neve_meta_sidebar":"","neve_meta_container":"","neve_meta_enable_content_width":"off","neve_meta_content_width":100,"neve_meta_title_alignment":"","neve_meta_author_avatar":"","neve_post_elements_order":"","neve_meta_disable_header":"","neve_meta_disable_footer":"","neve_meta_disable_title":"","footnotes":""},"class_list":["post-151","page","type-page","status-publish","hentry"],"_links":{"self":[{"href":"https:\/\/fms-stassfurt.de\/index.php?rest_route=\/wp\/v2\/pages\/151","targetHints":{"allow":["GET"]}}],"collection":[{"href":"https:\/\/fms-stassfurt.de\/index.php?rest_route=\/wp\/v2\/pages"}],"about":[{"href":"https:\/\/fms-stassfurt.de\/index.php?rest_route=\/wp\/v2\/types\/page"}],"author":[{"embeddable":true,"href":"https:\/\/fms-stassfurt.de\/index.php?rest_route=\/wp\/v2\/users\/1"}],"replies":[{"embeddable":true,"href":"https:\/\/fms-stassfurt.de\/index.php?rest_route=%2Fwp%2Fv2%2Fcomments&post=151"}],"version-history":[{"count":11,"href":"https:\/\/fms-stassfurt.de\/index.php?rest_route=\/wp\/v2\/pages\/151\/revisions"}],"predecessor-version":[{"id":533,"href":"https:\/\/fms-stassfurt.de\/index.php?rest_route=\/wp\/v2\/pages\/151\/revisions\/533"}],"wp:attachment":[{"href":"https:\/\/fms-stassfurt.de\/index.php?rest_route=%2Fwp%2Fv2%2Fmedia&parent=151"}],"curies":[{"name":"wp","href":"https:\/\/api.w.org\/{rel}","templated":true}]}}