{"id":355,"date":"2023-11-23T09:05:17","date_gmt":"2023-11-23T08:05:17","guid":{"rendered":"http:\/\/www.fms-stassfurt.de\/newpage\/?page_id=355"},"modified":"2024-09-17T13:13:31","modified_gmt":"2024-09-17T11:13:31","slug":"stihl","status":"publish","type":"page","link":"https:\/\/fms-stassfurt.de\/?page_id=355","title":{"rendered":"Stihl"},"content":{"rendered":"<p>&nbsp;<\/p>\n<p><strong>STIHL &#8211; Produktpalette:<\/strong><br \/>\nVom professionellen Einsatz im Wald bis zu kleineren T\u00e4tigkeiten im Garten &#8211; bei Uns finden Sie das optimale Ger\u00e4t f\u00fcr jede Aufgabe. Weil wir wollen, dass Sie an Ihren STIHL und VIKING Produkten lange Freude haben bereiten wir auf Wunsch jedes Ger\u00e4t f\u00fcr den ersten Einsatz vor und geben Ihnen n\u00fctzliche Tipps f\u00fcr sparsamen Einsatz und ein langes Produktleben.<\/p>\n<p>Unsere STIHL &#8211; Produktpalette umfasst:<\/p>\n<div style=\"position: absolute; height: auto; width: 640px; left: 43%; top: 42%;\"><img loading=\"lazy\" decoding=\"async\" src=\"https:\/\/fms-stassfurt.de\/wp-content\/uploads\/2023\/11\/stihl03.png\" style=\"border-radius: 15px; border: 2px solid #9F3B24;\" alt=\"\" width=\"204\" height=\"163\" class=\"alignnone size-full wp-image-354\" \/><img loading=\"lazy\" decoding=\"async\" src=\"https:\/\/fms-stassfurt.de\/wp-content\/uploads\/2023\/11\/stihl02.png\" style=\"border-radius: 15px; border: 2px solid #9F3B24;\" alt=\"\" width=\"204\" height=\"166\" class=\"alignnone size-full wp-image-353\" \/><img loading=\"lazy\" decoding=\"async\" src=\"https:\/\/fms-stassfurt.de\/wp-content\/uploads\/2023\/11\/stihl01.png\" style=\"border-radius: 15px; border: 2px solid #9F3B24;\" alt=\"\" width=\"204\" height=\"106\" class=\"alignnone size-full wp-image-352\" \/><\/div>\n<p>Akku-Ger\u00e4te<br \/>\nMotors\u00e4gen<br \/>\nKombiSytem und MultiSystem<br \/>\nMotorsensen und Freischneider<br \/>\nHeckenscheren und Heckenschneider<br \/>\nReinigungsger\u00e4te<br \/>\nSpr\u00fch- und Spritzger\u00e4te<br \/>\nErdbohrger\u00e4te und Bohrwerkzeuge<br \/>\nGesteinschneider und Trennschleifer<br \/>\nZubeh\u00f6r und Betriebsstoffe<br \/>\nPers\u00f6nliche Schutzausstattung<br \/>\nSTIHL\u00ae Timbersports\u00ae Collection und Fanartikel<\/p>\n<p>H\u00f6chste Zuverl\u00e4ssigkeit und Lebensdauer auch bei extremer Beanspruchung &#8211; ohne fachgerechte Wartung ist dies nicht m\u00f6glich &#8211; Wir bieten qualifizierten Service, und sorgen somit f\u00fcr eine rundum perfekte Betreuung.<br \/>\n<a href=\"https:\/\/www.stihl.de\/de\/professional\" rel=\"noopener\" target=\"_blank\"><img loading=\"lazy\" decoding=\"async\" src=\"https:\/\/fms-stassfurt.de\/wp-content\/uploads\/2023\/11\/images-e1700728935567.jpg\" alt=\"\" width=\"120\" height=\"49\" class=\"alignnone size-full wp-image-361\" \/><\/a><\/p>\n","protected":false},"excerpt":{"rendered":"<p>&nbsp; STIHL &#8211; Produktpalette: Vom professionellen Einsatz im Wald bis zu kleineren T\u00e4tigkeiten im Garten &#8211; bei Uns finden Sie das optimale Ger\u00e4t f\u00fcr jede Aufgabe. Weil wir wollen, dass Sie an Ihren STIHL und VIKING Produkten lange Freude haben bereiten wir auf Wunsch jedes Ger\u00e4t f\u00fcr den ersten Einsatz vor und geben Ihnen n\u00fctzliche&hellip;&nbsp;<a href=\"https:\/\/fms-stassfurt.de\/?page_id=355\" rel=\"bookmark\">Weiterlesen &raquo;<span class=\"screen-reader-text\">Stihl<\/span><\/a><\/p>\n","protected":false},"author":1,"featured_media":0,"parent":0,"menu_order":0,"comment_status":"closed","ping_status":"closed","template":"","meta":{"neve_meta_sidebar":"","neve_meta_container":"","neve_meta_enable_content_width":"off","neve_meta_content_width":100,"neve_meta_title_alignment":"","neve_meta_author_avatar":"","neve_post_elements_order":"","neve_meta_disable_header":"","neve_meta_disable_footer":"","neve_meta_disable_title":"","footnotes":""},"class_list":["post-355","page","type-page","status-publish","hentry"],"_links":{"self":[{"href":"https:\/\/fms-stassfurt.de\/index.php?rest_route=\/wp\/v2\/pages\/355","targetHints":{"allow":["GET"]}}],"collection":[{"href":"https:\/\/fms-stassfurt.de\/index.php?rest_route=\/wp\/v2\/pages"}],"about":[{"href":"https:\/\/fms-stassfurt.de\/index.php?rest_route=\/wp\/v2\/types\/page"}],"author":[{"embeddable":true,"href":"https:\/\/fms-stassfurt.de\/index.php?rest_route=\/wp\/v2\/users\/1"}],"replies":[{"embeddable":true,"href":"https:\/\/fms-stassfurt.de\/index.php?rest_route=%2Fwp%2Fv2%2Fcomments&post=355"}],"version-history":[{"count":12,"href":"https:\/\/fms-stassfurt.de\/index.php?rest_route=\/wp\/v2\/pages\/355\/revisions"}],"predecessor-version":[{"id":548,"href":"https:\/\/fms-stassfurt.de\/index.php?rest_route=\/wp\/v2\/pages\/355\/revisions\/548"}],"wp:attachment":[{"href":"https:\/\/fms-stassfurt.de\/index.php?rest_route=%2Fwp%2Fv2%2Fmedia&parent=355"}],"curies":[{"name":"wp","href":"https:\/\/api.w.org\/{rel}","templated":true}]}}