{"id":412,"date":"2023-11-29T11:31:21","date_gmt":"2023-11-29T10:31:21","guid":{"rendered":"http:\/\/www.fms-stassfurt.de\/newpage\/?page_id=412"},"modified":"2024-09-17T13:10:23","modified_gmt":"2024-09-17T11:10:23","slug":"kress","status":"publish","type":"page","link":"https:\/\/fms-stassfurt.de\/?page_id=412","title":{"rendered":"Kress"},"content":{"rendered":"<p><img loading=\"lazy\" decoding=\"async\" class=\"alignnone wp-image-425 size-full\" style=\"border-radius: 15px; border: 2px solid #9F3B24;\" src=\"https:\/\/fms-stassfurt.de\/wp-content\/uploads\/2023\/11\/kress_Header03.jpg\" alt=\"\" width=\"1062\" height=\"329\" srcset=\"https:\/\/fms-stassfurt.de\/wp-content\/uploads\/2023\/11\/kress_Header03.jpg 1062w, https:\/\/fms-stassfurt.de\/wp-content\/uploads\/2023\/11\/kress_Header03-300x93.jpg 300w, https:\/\/fms-stassfurt.de\/wp-content\/uploads\/2023\/11\/kress_Header03-1024x317.jpg 1024w, https:\/\/fms-stassfurt.de\/wp-content\/uploads\/2023\/11\/kress_Header03-768x238.jpg 768w\" sizes=\"auto, (max-width: 1062px) 100vw, 1062px\" \/><\/p>\n<p><strong>FMS Gmbh Stassfurt ist Commercial Partner f\u00fcr alle Kress &#8211; Produkte.<\/strong><\/p>\n<p>Im Gegensatz zu traditionellen Marken, die aufgrund des wachsenden Umweltbewusstseins ihr Kernsortiment an Benzinger\u00e4ten mit Akkuger\u00e4ten erg\u00e4nzen, stellt Kress seit fast einem Jahrhundert ausschlie\u00dflich Elektromotoren her. <\/p>\n<p>Als Ikone der deutschen Ingenieurskunst stand Kress Seite an Seite mit Generationen professioneller Anwender, die den Werkzeugen wegen ihrer Zuverl\u00e4ssigkeit vertrauten. Der Umstieg auf nachhaltige Landschaftspflege wird Ihrem Unternehmen in mehrfacher Hinsicht zugute kommen. Kress Akku-Ger\u00e4te sind nicht nur genauso leistungsstark wie kraftstoffbetriebene Ger\u00e4te, sondern sie reduzieren auch Betriebskosten und CO2-Bilanz drastisch.<\/p>\n<p><a href=\"https:\/\/www.kress.com\/de-de\/\" target=\"_blank\" rel=\"noopener\"><img loading=\"lazy\" decoding=\"async\" class=\"alignnone wp-image-413\" src=\"https:\/\/fms-stassfurt.de\/wp-content\/uploads\/2023\/11\/kress_logo-300x141.png\" alt=\"\" width=\"170\" height=\"80\" srcset=\"https:\/\/fms-stassfurt.de\/wp-content\/uploads\/2023\/11\/kress_logo-300x141.png 300w, https:\/\/fms-stassfurt.de\/wp-content\/uploads\/2023\/11\/kress_logo-768x361.png 768w, https:\/\/fms-stassfurt.de\/wp-content\/uploads\/2023\/11\/kress_logo.png 988w\" sizes=\"auto, (max-width: 170px) 100vw, 170px\" \/><\/a><\/p>\n","protected":false},"excerpt":{"rendered":"<p>FMS Gmbh Stassfurt ist Commercial Partner f\u00fcr alle Kress &#8211; Produkte. Im Gegensatz zu traditionellen Marken, die aufgrund des wachsenden Umweltbewusstseins ihr Kernsortiment an Benzinger\u00e4ten mit Akkuger\u00e4ten erg\u00e4nzen, stellt Kress seit fast einem Jahrhundert ausschlie\u00dflich Elektromotoren her. Als Ikone der deutschen Ingenieurskunst stand Kress Seite an Seite mit Generationen professioneller Anwender, die den Werkzeugen wegen&hellip;&nbsp;<a href=\"https:\/\/fms-stassfurt.de\/?page_id=412\" rel=\"bookmark\">Weiterlesen &raquo;<span class=\"screen-reader-text\">Kress<\/span><\/a><\/p>\n","protected":false},"author":1,"featured_media":0,"parent":0,"menu_order":0,"comment_status":"closed","ping_status":"closed","template":"","meta":{"neve_meta_sidebar":"","neve_meta_container":"","neve_meta_enable_content_width":"off","neve_meta_content_width":100,"neve_meta_title_alignment":"","neve_meta_author_avatar":"","neve_post_elements_order":"","neve_meta_disable_header":"","neve_meta_disable_footer":"","neve_meta_disable_title":"","footnotes":""},"class_list":["post-412","page","type-page","status-publish","hentry"],"_links":{"self":[{"href":"https:\/\/fms-stassfurt.de\/index.php?rest_route=\/wp\/v2\/pages\/412","targetHints":{"allow":["GET"]}}],"collection":[{"href":"https:\/\/fms-stassfurt.de\/index.php?rest_route=\/wp\/v2\/pages"}],"about":[{"href":"https:\/\/fms-stassfurt.de\/index.php?rest_route=\/wp\/v2\/types\/page"}],"author":[{"embeddable":true,"href":"https:\/\/fms-stassfurt.de\/index.php?rest_route=\/wp\/v2\/users\/1"}],"replies":[{"embeddable":true,"href":"https:\/\/fms-stassfurt.de\/index.php?rest_route=%2Fwp%2Fv2%2Fcomments&post=412"}],"version-history":[{"count":14,"href":"https:\/\/fms-stassfurt.de\/index.php?rest_route=\/wp\/v2\/pages\/412\/revisions"}],"predecessor-version":[{"id":417,"href":"https:\/\/fms-stassfurt.de\/index.php?rest_route=\/wp\/v2\/pages\/412\/revisions\/417"}],"wp:attachment":[{"href":"https:\/\/fms-stassfurt.de\/index.php?rest_route=%2Fwp%2Fv2%2Fmedia&parent=412"}],"curies":[{"name":"wp","href":"https:\/\/api.w.org\/{rel}","templated":true}]}}